
False
Is 124502414321 a prime number?
False
Is 39618656381 a prime number?
True
Is 669019427 a composite number?
True
Is 624464011 composite?
False
Is 540654239 composite?
False
Is 237982523 a prime number?
False
Is 443950099 a prime number?
False
Is 7790029753 a prime number?
False
Is 323043103 a composite number?
False
Is 4079838577 a composite number?
True
Is 779421841 composite?
True
Is 698613439 composite?
False
Is 86279321231 prime?
True
Is 1207464581 prime?
False
Is 2022048767 a prime number?
False
Is 930870047 a composite number?
False
Is 21484000081 prime?
False
Is 30948711267 prime?
False
Is 519514069 composite?
False
Is 437746021 a composite number?
True
Is 626086751 a prime number?
False
Is 932056123 composite?
False
Is 255748989827 composite?
True
Is 36577906717 a prime number?
False
Is 54296641291 prime?
True
Is 14432145097 prime?
False
Is 63170210881 prime?
True
Is 612928937 a composite number?
False
Is 264454493 a prime number?
False
Is 3801461557 prime?
True
Is 281016959 a composite number?
True
Is 8292117359 prime?
True
Is 26660289833 a prime number?
False
Is 16240304699 a composite number?
False
Is 2163853459 composite?
True
Is 9080832031 a composite number?
True
Is 13577691379 composite?
True
Is 2625501079 a prime number?
True
Is 119888441 a prime number?
True
Is 1869372319 a composite number?
False
Is 2370427921 a composite number?
False
Is 19430958103 prime?
False
Is 11154143911 a composite number?
True
Is 1747207277 a composite number?
False
Is 306985229 composite?
False
Is 19804497137 a composite number?
True
Is 7630210493 prime?
False
Is 20879329409 a prime number?
True
Is 613763611 a composite number?
False
Is 39241551949 prime?
True
Is 16578142237 composite?
True
Is 7878486061 composite?
True
Is 84325265 composite?
True
Is 3000412249 composite?
False
Is 420910619 prime?
True
Is 1375980387 composite?
True
Is 708518789 composite?
True
Is 1716412141 composite?
True
Is 6631016143 a composite number?
False
Is 34893845263 composite?
True
Is 5428579137 a composite number?
True
Is 1093384585 a composite number?
True
Is 705676421 composite?
False
Is 2586217397 a prime number?
False
Is 3843743999 a composite number?
False
Is 18275870741 a composite number?
True
Is 7270320059 a composite number?
True
Is 10890266399 composite?
False
Is 1226405807 a composite number?
True
Is 59264077039 composite?
True
Is 77397845335 a composite number?
True
Is 44248496987 composite?
True
Is 260483161 a composite number?
False
Is 208038407 a prime number?
True
Is 21491038553 a composite number?
False
Is 10904816561 a prime number?
True
Is 11537618107 prime?
False
Is 116133104697 a composite number?
True
Is 23805500671 prime?
True
Is 54444980327 a composite number?
False
Is 3999798659 composite?
False
Is 132117138661 prime?
True
Is 19935651313 a composite number?
True
Is 3742750523 a prime number?
True
Is 154048229 prime?
True
Is 12132938273 composite?
False
Is 1666322311 prime?
False
Is 13319377231 prime?
False
Is 88390380146 a composite number?
True
Is 11649145129 prime?
False
Is 167329571 prime?
True
Is 42733789543 a prime number?
True
Is 263095069 prime?
False
Is 505775243 a prime number?
True
Is 88625461787 a prime number?
False
Is 9652526819 a composite number?
True
Is 1822899619 composite?
True
Is 10588585261 a composite number?
False
Is 88204208681 prime?
False
Is 113748474497 a composite number?
True
Is 578083507 prime?
True
Is 71148643779 a composite number?
True
Is 842077409 a prime number?
False
Is 4423268543 a composite number?
False
Is 955094759 composite?
True
Is 415292123 composite?
False
Is 39339156541 prime?
False
Is 155865750847 a composite number?
False
Is 1011290801 a composite number?
False
Is 1833156146 a prime number?
False
Is 476111257 composite?
True
Is 11247033229 prime?
False
Is 133792255841 a prime number?
False
Is 22779084623 a prime number?
True
Is 2505938143 composite?
True
Is 3713113177 a prime number?
True
Is 12847079185 prime?
False
Is 4205788193 prime?
True
Is 7838943209 composite?
False
Is 4976229121 a prime number?
False
Is 7777759179 prime?
False
Is 57394809551 a composite number?
False
Is 11887769119 composite?
True
Is 489292337 a composite number?
False
Is 2068848787 prime?
False
Is 2572772711 a composite number?
True
Is 29942642363 a prime number?
False
Is 350675795 a composite number?
True
Is 784540369 prime?
True
Is 384544883 prime?
False
Is 16208367167 prime?
False
Is 35339816789 a prime number?
False
Is 66006445081 prime?
True
Is 1280441471 a composite number?
True
Is 1334057343 composite?
True
Is 1042184777 a composite number?
False
Is 1194401071 composite?
True
Is 1437575683 a composite number?
False
Is 26650081873 composite?
False
Is 1556088857 a composite number?
False
Is 8283744617 a composite number?
False
Is 36645930719 a prime number?
False
Is 9279788971 composite?
True
Is 706222463 prime?
False
Is 122120419 a prime number?
True
Is 1718286919 a composite number?
True
Is 15131470073 prime?
True
Is 206459989 composite?
False
Is 183414714653 composite?
True
Is 22540440333 a composite number?
True
Is 1886161223 composite?
False
Is 5726590501 composite?
True
Is 4627474447 prime?
True
Is 45724322639 a composite number?
True
Is 1938593143 composite?
False
Is 2494573563 prime?
False
Is 2830140277 a prime number?
True
Is 601188827 a prime number?
False
Is 967596839 a composite number?
True
Is 43434484819 prime?
False
Is 608184719 composite?
True
Is 20536475387 a prime number?
True
Is 1237243801 composite?
False
Is 25073128571 composite?
False
Is 1954163117 a composite number?
False
Is 121943616593 a composite number?
True
Is 455337931 a composite number?
False
Is 6965966765 composite?
True
Is 27672019183 prime?
True
Is 129826299917 prime?
False
Is 5328868049 a composite number?
True
Is 541725703 a composite number?
False
Is 98210986121 a composite number?
True
Is 94154507 composite?
False
Is 4174787497 composite?
False
Is 86065546033 composite?
False
Is 449129977 prime?
False
Is 926472497 a prime number?
True
Is 7613223377 a composite number?
False
Is 493489469 prime?
False
Is 80839858321 composite?
True
Is 28830888499 a composite number?
True
Is 39610922579 a prime number?
False
Is 107797210033 a composite number?
True
Is 72165211 a prime number?
False
Is 80485568869 composite?
False
Is 54216358759 prime?
False
Is 53721397 a prime number?
False
Is 2721980819 composite?
False
Is 10421387839 a prime number?
True
Is 135593802473 a composite number?
False
Is 952775627 prime?
True
Is 145138841 prime?
False
Is 108619795237 a composite number?
False
Is 242921741 a prime number?
False
Is 361642781 composite?
False
Is 559947749 composite?
False
Is 1231004147 composite?
False
Is 82241479 a composite number?
False
Is 33406800803 prime?
True
Is 537933031 a prime number?
False
Is 104194151 a composite number?
False
Is 5995428751 a composite number?
True
Is 17750511503 a composite number?
True
Is 7674908291 prime?
False
Is 5707001491 prime?
True
Is 9148284311 composite?
True
Is 5074800257 a prime number?
True
Is 7358380811 prime?
False
Is 10679489591 a composite number?
False
Is 24091274161 a composite number?
False
Is 5813768063 a composite number?
False
Is 1448666333 a prime number?
True
Is 1711507079 a prime number?
False
Is 5279270237 a prime number?
True
Is 18375018146 composite?
True
Is 7053697591 a composite number?
False
Is 24478377941 a prime number?
True
Is 430194754246 prime?
False
Is 498162793 a prime number?
True
Is 58711849771 prime?
False
Is 9762892963 a prime number?
True
Is 2297185951 a prime number?
False
Is 1044619229 composite?
True
Is 9095055551 composite?
True
Is 28797716527 a composite number?
False
Is 30616899595 a composite number?
True
Is 3446622563 a composite number?
True
Is 1861895221 a composite number?
True
Is 211400549 a prime number?
False
Is 3178398053 composite?
True
Is 1572460693 prime?
False
Is 2368682977 prime?
False
Is 5622406673 a prime number?
False
Is 131867196467 a composite number?
False
Is 2732726581 composite?
True
Is 35561315 prime?
False
Is 80796193249 prime?
False
Is 371734243 a composite number?
False
Is 547530905 a prime number?
False
Is 5521812271 a composite number?
True
Is 1466626969 composite?
False
Is 1745527759 prime?
False
Is 4986049693 composite?
False